= 23*u. Let m = u - -2585. What are the prime factors of m?
1259
Suppose 5*d = 3*q - 685, -18*d = -q - 15*d + 231. Suppose 40*o = q + 215. List the prime factors of o.
11
Let d(k) = 7386*k**2 + 2*k - 7. List the prime factors of d(1).
11, 61
Suppose b + v = -187 + 976, 0 = 3*b - 2*v - 2357. What are the prime factors of b?
787
Let s(b) = 134*b - 29. Let x be s(4). Suppose -27*i + 6474 = x. List the prime factors of i.
13, 17
Let l = 4785 - -7414. What are the prime factors of l?
11, 1109
Suppose -155*l - 5*j = -151*l - 122620, -91954 = -3*l - j. List the prime factors of l.
2, 5, 613
Let j = 56407 - -2955. What are the prime factors of j?
2, 67, 443
List the prime factors of (-27)/((-2160)/(-735) - 3).
3, 7
Let k = -3 + 140. Suppose -132*y + k*y = 6060. What are the prime factors of y?
2, 3, 101
Let r = 46922 - 15923. List the prime factors of r.
3, 10333
Suppose -8*d + 4*d = 10*d. Suppose 8010 = -d*g + 9*g. List the prime factors of g.
2, 5, 89
Let i(r) = -60*r**3 - 3*r**2 - 7*r - 10. Let p be i(-4). Suppose 16*d + 306 = p. List the prime factors of d.
3, 73
Let v = -89624 + 135975. List the prime factors of v.
46351
Let n(j) be the third derivative of 7*j**5/24 - 11*j**4/24 - 5*j**3/3 + 15*j**2. Let b(f) be the first derivative of n(f). List the prime factors of b(5).
2, 41
Suppose 7*j - 182 - 21 = 0. Suppose 220 + j = 4*d + 5*r, 4*r = 5*d - 260. What are the prime factors of d?
2, 7
Let s(w) = -3*w + 5. Let z be s(1). Suppose 5*c - z*h = 2810, -h - 1244 = -2*c - 120. List the prime factors of c.
2, 281
Let b(u) = 13*u**2 + 2*u + 83. Let q be b(-10). Suppose 8*d = 7843 - q. What are the prime factors of d?
2, 3, 5
Let l(b) = 930*b**2 - 117*b - 118. List the prime factors of l(-1).
929
Suppose 6*l = 3*l + t + 55955, -3*l + 55935 = 3*t. Suppose -l = -16*j - 9*j. List the prime factors of j.
2, 373
Let j(c) = 3*c**2 - 34*c - 19. Let y be j(12). Suppose -4*f = y*l - f - 861, -5*l + 4*f + 882 = 0. List the prime factors of l.
2, 3, 29
Let b(r) = -2*r**3 + 8*r**2 + 7*r - 40. Let c be b(-9). Let f = -724 + c. What are the prime factors of f?
1279
Suppose 34*u - 36*u = 1692. List the prime factors of u/10*((-20)/15 + -2).
2, 3, 47
Let n = 36 - 33. Let w(g) = g**3 - 2*g**2 - 2*g - 3. Let i be w(n). Suppose -312 - 143 = -5*k - 5*l, 3*k + 5*l - 269 = i. What are the prime factors of k?
3, 31
Let s(h) = h**3 - h**2 - 3*h + 24. Let m be s(0). Suppose -3*p - 5*p - m = 0. What are the prime factors of (407/(-11))/(1/p)?
3, 37
Let f be -1 - (2/(-8) + (-38)/8). Suppose -2461 = -2*a + u, 62*a = 60*a - f*u + 2446. What are the prime factors of a?
1229
Let f = 174 + 148. Suppose 1118 = 9*y - f. Suppose z + y = 5*z. What are the prime factors of z?
2, 5
Suppose 5*n - 5*i - 30 - 140 = 0, -4*i - 97 = -3*n. Suppose n*a + 32654 = 68*a. What are the prime factors of a?
2, 563
Suppose -2*i = -5*s - 7004, i - 4*i = -s - 10480. List the prime factors of i.
2, 3, 97
Let o be (3 - (-4 + 154))*(3 - 5). Let z = 1153 - o. List the prime factors of z.
859
Suppose -3*i + 6 = 5*u - 0*i, 5*u - 10 = -5*i. Suppose u = -2*d + 1053 + 1867. Suppose 2*c = 7*c - 3*z - d, 2*c = -5*z + 584. What are the prime factors of c?
2, 73
Let r(x) = -x**2 - 28*x + 55. Let u be r(2). List the prime factors of (291 + -1)/((-2)/u).
5, 29
Let t(w) = 2*w - 20. Let d be t(12). Let y be (4 - d)/((-3)/1 + 1). Suppose 5*s = 2*o + 421, -5*s + y*o + 400 = 5*o. List the prime factors of s.
83
Suppose -5*d = -114 - 3411. Suppose 5*j - 3585 + 24 = -3*c, 3*c = j - d. What are the prime factors of j?
3, 79
Let l(p) = -15*p + 8. Let j be l(-15). Suppose -38*a + 37*a = -j. What are the prime factors of a?
233
Let w(k) = k**3 - 5*k**2 - 26*k + 20. Let q be (-10)/(40/(-10) + (1 - -2)). List the prime factors of w(q).
2, 5, 13
Let k(m) = 527*m**2 + 15*m - 65. What are the prime factors of k(3)?
4723
Let r = 68 - 75. Let i(z) = z**3 + 15*z**2 + 5*z + 18. What are the prime factors of i(r)?
3, 5
What are the prime factors of -3 + ((-8)/14)/(12/(-122136))?
5813
Let u = 225 + 62. Suppose -3*f + 541 = -4*y, 3*f - f = 4*y + 362. Let n = u - f. List the prime factors of n.
2, 3
List the prime factors of (-74866)/(-2) + (11 + 7 - 8).
3, 7, 1783
Let j(h) = -h**3 - 13*h**2 + 74*h - 28. Let r be j(-17). Let b(f) = -47*f**2 + 3*f. Let n be b(2). Let l = r - n. List the prime factors of l.
2, 13
Let b(p) = 26*p - 26 + 10 + 13. Let z be b(-8). List the prime factors of z/(-6) - 2/12.
5, 7
Suppose 7 = 3*l + 10, -5*s - 2*l = -6663. Suppose -k + 2*y - 641 = -1970, -k + 4*y = -s. What are the prime factors of k?
5, 53
List the prime factors of (17/(-1))/(((-1525)/15850)/61).
2, 17, 317
Suppose 0 = -9*s + 2151 + 2907. Let j = s + -348. What are the prime factors of j?
2, 107
Suppose -3*o - 18 = -0. Let l(w) = -196*w - 280. List the prime factors of l(o).
2, 7
Let q = 18 + -6. Suppose -6 = v - 3*u, -3*u + q = u. List the prime factors of (-8)/(-36)*v*111.
2, 37
Let u = -563 + 301. Let r = -118 - u. Suppose -r = 11*p - 2179. List the prime factors of p.
5, 37
Suppose 256 = 5*w + 2*f, 2*w - 2*f = w + 44. Let b be -5*(-1)/2*80/w. Suppose 0 = -b*c - 3*p + 56 + 358, -3*c + 296 = -5*p. List the prime factors of c.
2, 3, 17
Let l = -43 - -4. Let q = l + 14. Let k = q + 27. What are the prime factors of k?
2
Let r = -5799 + 14209. List the prime factors of r.
2, 5, 29
Let o = -49 + 51. Let g(a) = 64*a**3 - 7*a**2 + 3*a + 3. What are the prime factors of g(o)?
17, 29
Let h(u) = 8*u**2 + 27*u + 2. Suppose 0 = -4*m + 4*p - 28, -7*m - 65 = -2*m + 5*p. List the prime factors of h(m).
2, 7, 19
Suppose -5*n = 5*u + 27 + 73, 4*n = -u - 26. What are the prime factors of u/9*-2 + 910?
2, 457
Let v = -6739 - -6811. What are the prime factors of v?
2, 3
Let g(z) = -81*z**2 - 12*z - 5. Let d(w) = w**2 + w. Let x(o) = -6*d(o) - g(o). Let y be x(-2). Let k = y - 209. What are the prime factors of k?
2, 3, 7
Let w(b) = b**2 - 2*b + 870. Let z be w(0). Let l = -436 + z. List the prime factors of l.
2, 7, 31
Suppose 48*l + 1715 = 43*l. Let y = l + 558. List the prime factors of y.
5, 43
Let t be -1 - -2 - ((-100)/(-10) + -13). List the prime factors of (-8526)/(-66) + t*(-2)/44.
3, 43
List the prime factors of ((-10164)/147 - -16)/(1/(-581)*1).
2, 3, 31, 83
Let q = 78441 - 34608. What are the prime factors of q?
3, 19, 769
Suppose 3*l + 5*z - 4433 = 0, -6*l = -3*l + 2*z - 4421. Let i = l - 270. What are the prime factors of i?
1201
Let k = 151718 + -84401. What are the prime factors of k?
3, 19, 1181
Suppose 7*v - 6*v - 221169 = -3*y, 2*y = 17*v + 147446. List the prime factors of y.
13, 53, 107
Suppose c + 4*a = 8*a + 5410, 0 = -4*c + 4*a + 21676. List the prime factors of c.
2, 2711
Suppose -3*c - 24 = -234. Let z be 742/c - (-4)/10. Suppose -z*k + 15*k - 428 = 0. What are the prime factors of k?
107
Suppose z = 92 + 91. Suppose -4*a + z = 2*o - 25, 0 = 2*a + 2*o - 100. Let f = a - -68. What are the prime factors of f?
2, 61
Let w be 2 + (0 - -4) - (-984)/41. Let i = -32 + 21. What are the prime factors of (-2209)/i - w/(-165)?
3, 67
Suppose 8*v - 1343 = 529. Suppose 5*w = v + 1276. What are the prime factors of w?
2, 151
Suppose -112746 - 51759 = -33*c. List the prime factors of c.
5, 997
Let m(v) = -239*v - 1086. What are the prime factors of m(-15)?
3, 7, 17
Let d(j) = -j + 9. Let m be d(5). Suppose -t + m*t - 30 = 0. Let b(i) = 5*i - 24. List the prime factors of b(t).
2, 13
Let t be (-77606)/(-26) - (-6)/39. Suppose 5*n = 10*n - t. List the prime factors of n.
3, 199
Let s be ((-15)/2)/(9/18). Let y be 5/s*(-28 - -4). Suppose -y*u + 2207 = 223. What are the prime factors of u?
2, 31
Suppose 0 = -r - 2*a + 11274 + 33, -3*r - 2*a = -33945. What are the prime factors of r?
3, 7, 11
Suppose 0 = -10*s + 3*s + 7. What are the prime factors of ((-9)/(-7) - s) + (-71114)/(-217)?
2, 41
Let n(i) = -86*i - 1890. Let s be n(-22). Let h(u) = -u**3 - 1. Let p be h(2). What are the prime factors of (-248)/(-1) - p/(1 + s)?
251
Suppose -8*c + 12 = -7*c. Suppose c = 4*a - 2*r, 4*r - 5*r = 3*a - 19. Suppose -a*f - o + 482 = 0, 403 = 4*f - 9*o + 4*o. What are the prime factors of f?
97
Suppose 20 = 39*p - 44*p. Let q be -5 + (-105)/(-20) + (-15)/p. Suppose 0 = -g + 3*o + 61, 0 = -4*g - q*o + 63 + 133. What are the prime factors of g?
2, 13
Let r = -44 - -52. Suppose 3*k